243.
11, 44753
List the prime factors of 428154215.
5, 85630843
What are the prime factors of 803952899?
17, 67, 705841
List the prime factors of 459730841.
459730841
List the prime factors of 41253572.
2, 2089, 4937
List the prime factors of 156030544.
2, 9751909
What are the prime factors of 8025618?
2, 3, 1337603
What are the prime factors of 285119105?
5, 57023821
List the prime factors of 260783201.
7, 37254743
List the prime factors of 147355221.
3, 13, 311, 12149
List the prime factors of 75221241.
3, 2473, 10139
What are the prime factors of 570358521?
3, 1783, 35543
What are the prime factors of 1219053563?
7, 13, 479, 27967
List the prime factors of 823115115.
3, 5, 677461
What are the prime factors of 90738706?
2, 127, 357239
List the prime factors of 212163819.
3, 7, 10103039
List the prime factors of 1599346214.
2, 43, 18597049
List the prime factors of 15674825.
5, 59, 10627
What are the prime factors of 732597843?
3, 244199281
What are the prime factors of 2265813933?
3, 755271311
What are the prime factors of 288335446?
2, 7, 1087, 18947
List the prime factors of 394286748.
2, 3, 491, 66919
What are the prime factors of 441445683?
3, 7, 179, 117437
List the prime factors of 235616144.
2, 109, 135101
What are the prime factors of 168671458?
2, 41, 641, 3209
What are the prime factors of 1403796487?
331, 4241077
List the prime factors of 123680616.
2, 3, 5153359
List the prime factors of 68216749.
827, 82487
What are the prime factors of 196664539?
3803, 51713
What are the prime factors of 99186027?
3, 47, 703447
What are the prime factors of 186634000?
2, 5, 7, 13331
What are the prime factors of 598509108?
2, 3, 227, 24413
What are the prime factors of 101483016?
2, 3, 61, 103, 673
What are the prime factors of 1395043774?
2, 1033, 675239
List the prime factors of 532721004.
2, 3, 73, 608129
List the prime factors of 307215928.
2, 38401991
List the prime factors of 363444163.
363444163
What are the prime factors of 7688532185?
5, 53, 2293, 12653
List the prime factors of 313431260.
2, 5, 15671563
List the prime factors of 582781424.
2, 239, 257, 593
List the prime factors of 1219774195.
5, 67, 349, 10433
What are the prime factors of 178343062?
2, 31, 1571, 1831
What are the prime factors of 4451484152?
2, 556435519
List the prime factors of 28621444.
2, 41, 61, 2861
What are the prime factors of 600631461?
3, 66736829
List the prime factors of 82202635.
5, 59, 67, 4159
What are the prime factors of 6527345214?
2, 3, 13, 23, 149, 24419
List the prime factors of 1833166302.
2, 3, 11, 27775247
List the prime factors of 2764594644.
2, 3, 7, 32911841
List the prime factors of 357400679.
5813, 61483
List the prime factors of 48890865.
3, 5, 661, 4931
List the prime factors of 745787466.
2, 3, 23, 37, 16229
List the prime factors of 317044981.
11, 28822271
What are the prime factors of 39915647?
39915647
List the prime factors of 111986140.
2, 5, 7, 17, 211, 223
List the prime factors of 810508293.
3, 7, 23, 559357
List the prime factors of 107263075.
5, 19, 241, 937
List the prime factors of 117289845.
3, 5, 823, 3167
List the prime factors of 637885838.
2, 318942919
What are the prime factors of 315649783?
103, 3064561
List the prime factors of 958585676.
2, 109, 2198591
List the prime factors of 293261291.
103, 2847197
List the prime factors of 18731704.
2, 2341463
What are the prime factors of 374095407?
3, 7, 17814067
List the prime factors of 24181228.
2, 223, 27109
List the prime factors of 61765155.
3, 5, 1372559
What are the prime factors of 116892646?
2, 13, 17, 264463
What are the prime factors of 2227651574?
2, 47, 23698421
What are the prime factors of 73362579?
3, 24454193
List the prime factors of 46771646.
2, 151, 154873
List the prime factors of 1642497269.
7, 41, 1543, 3709
List the prime factors of 11837138.
2, 47, 125927
What are the prime factors of 1604713609?
19, 1187, 71153
What are the prime factors of 2555896312?
2, 2287, 139697
List the prime factors of 2034483286.
2, 11, 4591, 20143
List the prime factors of 3169974530.
2, 5, 17, 577, 1901
What are the prime factors of 93331218?
2, 3, 15555203
List the prime factors of 103774575.
3, 5, 883, 1567
List the prime factors of 63970572.
2, 3, 47, 101, 1123
List the prime factors of 22648039.
167, 135617
What are the prime factors of 203845175?
5, 659, 12373
List the prime factors of 41549346.
2, 3, 2308297
List the prime factors of 5415081001.
11, 211, 2333081
What are the prime factors of 2806251169?
2806251169
List the prime factors of 36123124.
2, 9030781
List the prime factors of 7084247.
2399, 2953
What are the prime factors of 197485024?
2, 11, 461, 1217
List the prime factors of 88838137.
83, 1070339
What are the prime factors of 451717573?
3433, 131581
What are the prime factors of 34369621?
11, 13, 240347
What are the prime factors of 1302782082?
2, 3, 7, 19, 53, 30803
What are the prime factors of 5516456731?
5516456731
What are the prime factors of 380535737?
380535737
List the prime factors of 625022236.
2, 156255559
List the prime factors of 3692566001.
19, 83, 28211
What are the prime factors of 240310460?
2, 5, 13, 151, 6121
What are the prime factors of 908547960?
2, 3, 5, 29, 261077
List the prime factors of 792826984.
2, 19, 31, 113, 1489
List the prime factors of 277249318.
2, 138624659
List the prime factors of 83416909.
17, 83, 59119
What are the prime factors of 191811677?
191811677
List the prime factors of 8951904382.
2, 23, 29, 317, 21169
What are the prime factors of 96174098?
2, 48087049
What are the prime factors of 441058168?
2, 55132271
List the prime factors of 663890225.
5, 26555609
List the prime factors of 6577810415.
5, 11, 3673, 32561
What are the prime factors of 55592362?
2, 7, 29, 31, 631
List the prime factors of 243067400.
2, 5, 157, 7741
List the prime factors of 4313290.
2, 5, 431329
List the prime factors of 145405629.
3, 16156181
What are the prime factors of 196480286?
2, 37, 2655139
List the prime factors of 224461088.
2, 7014409
List the prime factors of 74561272.
2, 9320159
What are the prime factors of 1276509021?
3, 425503007
List the prime factors of 67188190.
2, 5, 6718819
List the prime factors of 5229546.
2, 3, 7, 124513
List the prime factors of 13643026.
2, 19, 359027
What are the prime factors of 1379572148?
2, 344893037
List the prime factors of 626365967.
626365967
What are the prime factors of 625498450?
2, 5, 3517, 3557
What are the prime factors of 154359430?
2, 5, 2273, 6791
List the prime factors of 328141371.
3, 109380457
List the prime factors of 139802331.
3, 43, 997, 1087
List the prime factors of 66719774.
2, 11, 3032717
What are the prime factors of 294286553?
11, 103, 211, 1231
What are the prime factors of 242724672?
2, 3, 421397
What are the prime factors of 111269232?
2, 3, 772703
What are the prime factors of 570061698?
2, 3, 71, 1013, 1321
List the prime factors of 915809485.
5, 43, 4259579
List the prime factors of 174332347.
7, 3557803
List the prime factors of 7784556.
2, 3, 13, 139, 359
What are the prime factors of 364726142?
2, 11, 16578461
What are the prime factors of 346473358?
2, 7, 11, 2249827
List the prime factors of 1156381918.
2, 578190959
List the prime factors of 938109023.
29, 1291, 25057
List the prime factors of 3981177817.
47, 71, 1193041
List the prime factors of 523911492.
2, 3, 13, 86113
List the prime factors of 42285324.
2, 3, 17, 89, 137
List the prime factors of 3536651797.
7, 17, 1093, 27191
What are the prime factors of 244042412?
2, 17, 3588859
List the prime factors of 134634163.
134634163
List the prime factors of 17085022.
2, 103, 197, 421
List the prime factors of 956682517.
7, 241, 81013
List the prime factors of 235670444.
2, 43, 1370177
List the prime factors of 39934449.
3, 4437161
What are the prime factors of 1005068426?
2, 502534213
What are the prime factors of 48949365?
3, 5, 3263291
What are the prime factors of 226985975?
5, 821, 11059
What are the prime factors of 177663477?
3, 23, 211, 12203
List the prime factors of 904058231.
904058231
List the prime factors of 461864410.
2, 5, 7, 6598063
What are the prime factors of 2080689013?
13, 29, 47, 117427
List the prime factors of 53736900.
2, 3, 5, 7, 25589
List the prime factors of 45490